- 1 = -5*h. Suppose 0 - h = -x. Determine q(x).
-6
Let f = -275 + 590. Let w(q) = 1 - 314*q - 1 + f*q. Calculate w(4).
4
Let v(p) be the first derivative of 9*p**2/2 - 2*p + 147. Let j(f) = f**3 - 5*f**2 + 2*f + 3. Let o be j(4). Let t be (o/(-10))/((-1)/4). Give v(t).
-20
Suppose 29*z + 25 = 34*z. Suppose -30 = 5*u - z*c, 4*u - u = -2*c - 3. Let t(m) = m + 4. What is t(u)?
1
Let n(f) = 6 - 6 - 7*f. Let j(v) be the first derivative of -v**2/2 - 15*v - 13. Let s be j(-14). Give n(s).
7
Let x(l) = 7 - 41*l + 18*l + 9*l - 13*l - 86. What is x(-3)?
2
Suppose 4*j + 23*m = 17*m - 110, 3*j + 3*m = -75. Let o(a) = a + 25. Determine o(j).
5
Let g(l) be the first derivative of l**3/6 + 11*l**2 + 36*l - 2. Let w(d) be the first derivative of g(d). Determine w(-9).
13
Let i(u) = 3*u**3 - 2*u**2 + u - 2. Suppose 6439 = 14*h + 54851. Let j be (19/(h/56))/((-2)/13). Give i(j).
16
Let y(r) = 19*r. Suppose 4*b - 7*b - 2*o + 16 = 0, -14 = -2*b - 3*o. Let q(x) = 15*x. Let c(g) = b*y(g) - 5*q(g). Give c(2).
2
Let z(t) be the third derivative of 4*t**4/3 + 2*t**3 - 2*t**2 - 69. Calculate z(0).
12
Suppose 0 = -348*z + 335*z - 143. Let r(j) = 8*j + 83. Determine r(z).
-5
Let h be (88/(-16) + -1)/(((-21)/18)/(-7)). Let t(r) = r**2 + 38*r - 33. Determine t(h).
6
Let m = 47 + -43. Suppose -5*i = -4*i - m*w - 9, -55 = 5*i + 5*w. Let j(a) = a**3 + 7*a**2 + 2*a + 9. Give j(i).
-5
Let o be -1 - 2/(-3)*(-45)/30. Let m be 636/204 - o/(-17). Let y(r) = -21*r - 3*r**3 + 5*r**m + 8 - r**3 + 31*r + 9*r**2. What is y(-8)?
-8
Let d(u) = -3*u**3 + 2*u**3 - 4*u**2 - 2*u**2 - 7 + 6*u. Let g(l) = l**3 - 8*l**2 + 7*l - 7. Suppose -5*t - 2*t + 49 = 0. Let p be g(t). Determine d(p).
0
Let v = -96 + 87. Let f(x) = -3*x - 29. Let z be f(v). Let l(q) = -5*q - 2. What is l(z)?
8
Let a(r) be the third derivative of -r**6/120 + 11*r**5/30 + 25*r**4/12 - 41*r**3/6 - 2214*r**2. Calculate a(24).
7
Let f(h) be the second derivative of h**3/6 + h**2 - 308*h. Determine f(11).
13
Suppose 25 = f + 3*z, -5*z - 5 = 7*f - 12*f. Let j(u) = -2*u**2 + 10*u - 4. What is j(f)?
-32
Let y(f) be the first derivative of f**2 - 81*f + 2052. Calculate y(27).
-27
Let d(m) = -6*m**2 + 1. Let k(f) = -f**3 - 19*f**2 - f + 5. Let i(h) = -3*d(h) + k(h). Determine i(-2).
8
Let p(y) = y + 13. Let w(i) = 7. Let k = 10 - 40. Let u be (-6)/(k/(-65)) - -2. Let f(r) = u*w(r) + 6*p(r). What is f(-1)?
-5
Let q(z) = 2*z**3 - 7*z**2 + 5*z + 1. Let v be q(3). Let p = v + -5. Let b(f) = -p + 0 - f + f**3 + 6*f**2 + 10 - 5*f. Determine b(-7).
1
Let d(w) be the third derivative of -2/15*w**5 + 1/120*w**6 + 1/2*w**4 + 0*w + 0*w**3 + 0 - 285*w**2. Determine d(6).
0
Let x(d) = -5*d - 11. Let n be x(7). Let i = n - -49. Let t be (1 + 3 - i)/(-1)*-1. Let w(h) = -h. Give w(t).
-1
Let l(o) be the third derivative of -o**4/24 + 11*o**3/6 + o**2. Suppose 0 = 110*f + 468*f - 4046. Give l(f).
4
Suppose -3*z = -4*z + 1. Let i(q) = 889 + 2*q - 890 - 21*q**3 - q. Calculate i(z).
-21
Let u(r) = -r + 5 + 7 + 2*r. Let g be (2 + (-20)/(-12))/((-29)/87). What is u(g)?
1
Let v(k) = 3*k**2 + 7*k**2 - k**3 - 12 + 394*k - 5*k**2 - 379*k. Give v(7).
-5
Let r(c) = -14*c + 1 + 36*c**2 - 6*c**2 - 21*c**2. Let s(p) = -11*p**2 + 16*p - 2. Let a(h) = 6*r(h) + 5*s(h). Give a(-2).
0
Let t(v) = -v**2 - 2*v - 1. Suppose -30*s + 24*s = 18. Let w(d) = -2*d**2 - 3. Let b(q) = s*w(q) + 5*t(q). Give b(9).
-5
Suppose 114*f - 116*f - 4*b = 8, 0 = 5*b - 5. Let c(i) = 10*i + 3. What is c(f)?
-57
Let z(j) be the third derivative of j**8/20160 - j**7/840 - j**6/180 + j**5/15 - j**4/4 - 171*j**2. Let n(d) be the third derivative of z(d). Give n(6).
-4
Let q(o) = o**2 + o + 2. Let l(u) = 16*u**2 + 4*u + 72. Let v(i) = -l(i) + 17*q(i). Give v(-16).
10
Let n(i) = -12*i - 96. Let b(y) = -y**3 - 139*y**2 + 32*y + 4442. Let q be b(-139). Determine n(q).
-24
Let m(a) = -a - 8. Suppose 1230 = -9*u - 2811. Let z = u + 439. Calculate m(z).
2
Let c(m) = -4*m - 3. Let i(v) = 20*v + 16. Let j(f) = -11*c(f) - 2*i(f). Suppose -2*o + 2*l = -12, 4*o + l = -o + 6. Give j(o).
9
Let b(y) = -y**3 + 9*y**2 - 10*y + 18. Let l be b(8). Let n(c) = -5*c + 5*c**2 - 2*c**l + 2*c**2 + c**3 + 12*c - 2 - 2*c**3. Give n(6).
4
Let b(c) = c**2 + 12*c + 11. Let d be (114/(-12) + 3)*(-48 + 2). Let s = -311 + d. What is b(s)?
11
Let h(n) = -n**3 + 6*n**2 - 10*n + 11. Let g be (91/26)/((-35)/(-40)). Determine h(g).
3
Let o(d) = -5*d + 90. Let w = -521 - -539. Calculate o(w).
0
Let m(q) = -q**3 - 5*q**2 + 13*q + 1. Let v(r) = -4*r**2 - 100*r + 209. Let f be v(2). What is m(f)?
8
Let o(d) be the third derivative of d**6/120 + 7*d**5/60 + 5*d**4/24 + 2*d**3/3 - 180*d**2 - 19*d. Suppose -z + 12 = -3*z. Determine o(z).
10
Let x(m) = -m**3 - 9*m**2 - 10*m - 9. Suppose 14*f + 120 = 26*f. Let t be ((-24)/f)/((-24)/(-80)). What is x(t)?
7
Suppose 2*z + 14 = 2*n, 5 = 2*n + 2*z + 3. Suppose 0 = n*x - j, 2*x - 4*j = -9*j. Suppose x*k + 3*k = 3*d + 3, -4*k = d - 24. Let v(c) = -c - 5. Give v(k).
-10
Let g(m) = m - 26*m**3 + 41*m**3 - 3 - 17*m**3. Let j be g(-2). Let q(s) = 5*s - s + s**2 + 10 - 2*s - j. What is q(-5)?
14
Let p be (13/5 + -2)*3250/300. Let y(l) be the second derivative of 1/12*l**4 + 0 - 2*l**3 + p*l**2 + 23*l. Calculate y(11).
2
Let c(y) be the first derivative of -1/24*y**4 + 6 + 13/2*y**2 + 0*y + 1/3*y**3. Let j(w) be the second derivative of c(w). Give j(3).
-1
Suppose 0 = 6*o + 12 - 48. Let v be (o/36)/(2/(-6))*-6. Suppose -2*k + 0 = -10, v = -i + k. Let l(j) = -6*j**2 + 3*j - 2. What is l(i)?
-20
Let s(j) = -55. Let h(n) = n - 24. Let y(p) = 2*h(p) - s(p). What is y(2)?
11
Let d(f) be the first derivative of -f**2 + 8*f - 1. Let c = 26257 - 26265. Determine d(c).
24
Suppose -27 = -o - 5*a, 0 = -2*o + 3*a + 4 - 2. Let i(r) = -r**2 + 11*r - 18. Let d be i(8). Let p(m) = -4*m - 9 + 11 + d*m**2 - 5*m**2. Calculate p(o).
23
Let b(d) = d**3 - 6*d**2 + 27*d - 91. Suppose -4*l - q = -9, 0 = -53*l + 49*l + 2*q + 30. Determine b(l).
-15
Let l(n) = -2*n**2 + 43*n - 28. Let m(q) = -3*q**2 + 64*q - 45. Let a(p) = 7*l(p) - 5*m(p). Determine a(16).
-19
Let i(z) = 33*z + 9. Suppose -122 + 332 = 36*h + 30. What is i(h)?
174
Let d(p) be the third derivative of -p**6/120 + p**5/15 - p**4/24 + p**3/2 - 2*p**2. Let h(r) = -r**3 + 2*r**2 + 79*r - 224. Let z be h(3). What is d(z)?
-1
Suppose -8*a = a. Let q(k) be the third derivative of -5/6*k**3 + 0*k + 5*k**2 + 0 + 1/24*k**4. Calculate q(a).
-5
Let j(x) = -20*x**2 - 45 - 9*x + 19*x**2 - 44 + 87. What is j(-4)?
18
Let c(a) = -a**3 - 4*a + 2. Let x(u) = 2*u**3 + 34*u + 7. Let o(n) = 3*c(n) + x(n). Determine o(-4).
-11
Let n(p) = -p**2 + 9*p + 9. Let l(o) = 2*o**2 - 6*o - 1. Let u be l(11). Let c be (-1)/(u/45 - 4). Give n(c).
9
Let d(y) be the second derivative of 5*y**3/6 + 8*y**2 + 100*y. Determine d(5).
41
Let z(k) be the first derivative of 1/4*k**4 + k**2 + 5/3*k**3 + 131 - 9*k. Give z(-4).
-1
Let s(w) = 0*w + 4143 - 2*w - 3*w + 4106 - 8294. Calculate s(-17).
40
Let z(d) = d + 13*d - 25*d - 18 - d**2 - 6*d. Let w be z(-14). Suppose -4*i - 22 = -6, -4*c = 5*i + w. Let a(m) = -5*m**2 - 1. Determine a(c).
-6
Let j(d) = -3*d + 4. Let z(f) be the third derivative of -f**4/24 + f**3/6 - 4*f**2. Let q(b) = 5*j(b) - 20*z(b). Suppose 0 = -5*n + 14 - 19. Give q(n).
-5
Suppose 8*u = 6*u. Let t(x) = -2*x**2 - 9*x - 3. Let f be t(-4). Let w(c) = f + 6 + 5 - 1 + c. Calculate w(u).
11
Let m(k) = 454*k**2 + 87*k + 120. Let j(q) = 55*q**2 + 11*q + 15. Let a(t) = -33*j(t) + 4*m(t). Let i = 12 + 4. Determine a(i).
1
Let v(z) = -z**3 - 3*z**2 + z + 1. Let c = -3631 - -3633. Give v(c).
-17
Let j be 14 - ((-33)/(-6) + 120/(-80)). Let u(b) = 12*b - 77. Determine u(j).
43
Let p(q) be the first derivative of -2*q + 34 + 1/2*q**2. Let u be 0 + -1 - (-5 + -1). What is p(u)?
3
Let f(u) = -56 - 25201*u - 25183*u + 50374*u. Calculate f(-3).
-26
Let u(r) = r**3 - 6*r**2 - 6*r - 9. Suppose -38*t + 33*t = -1875. Suppose 3*g + t = -489. Let w be 0 + g/(-45) + (-6)/(-10). What is u(w)?
-2
Let j(v) = 5 - 16*v - 4 + 15*v + 3 - 7. Determine j(-4).
1
Let z(c) = -33*c - 45. Let k(t) = 13*t + 19. Let o(r) = 12*k(r) + 5*z(r). Let q(h) = -32*h + 10. Let d(g) = -7*o(g) + 2*q(g). Determine d(-2).
1
Let w(s) be the third derivative of s**7/2520 - s**6/120 - 7*s**5/120 - 23*s**4/24 - 67*s**2. Let k(r) be the second de